 + 2. Let a(o) = 2*o. Suppose -z - 2*j = -6, z + 0*j + 22 = 5*j. Let i(p) = z*s(p) - 5*a(p). Let g be (1 + -2)/((-2)/(-10)). What is i(g)?
6
Let p(k) = -8*k - 3. Let l(g) = -g. Let j(t) = 5*l(t) - p(t). Let b(q) = q**2 + 16*q + 13. Let c = -29 + 14. Let m be b(c). Give j(m).
-3
Let w(i) = 2*i**2 + 1 - 4*i**2 - 5*i**2. Let f(p) = p**3 - 60*p**2 - 7*p + 5 - 4*p + 61*p**2. Let c be f(-4). Calculate w(c).
-6
Let z(y) = 6*y + 2*y**2 - y**2 - 1 - 2*y**2. Suppose -5*w = b - 32, 1 = -b + 4*w - 12. Calculate z(b).
-8
Let h(l) = -37*l**2 - 2*l**3 - l - 26*l**2 + 77*l**2 + 6. What is h(7)?
-1
Let i be ((-10)/8)/(13/(-52)). Suppose 6 = i*u + 51. Let m(k) = -k**3 - 8*k**2 + 8*k - 4. Let x be m(u). Let l(b) = -b**3 + 6*b**2 - 5*b - 7. What is l(x)?
-7
Let n(h) be the third derivative of -1/12*h**4 + 0*h + 8*h**2 + h**3 + 0. What is n(4)?
-2
Let i = 16 + -13. Suppose -i*p = q - 10, -5*q + 6 = -3*p - 8. Let x(k) = -4*k + 4*k**p + 6 + k - k + k**3. Determine x(-5).
1
Let t(c) = c**3 - 4*c**2 + 4*c - 3. Let i = -11 - -15. Let y be (-23 - 4) + -7 + i. Let f = 32 + y. Calculate t(f).
-3
Let z(v) be the second derivative of -5*v**3/6 - v**2 + 3*v - 57. Calculate z(-1).
3
Let g(y) = 8*y**3 - 6*y + 1. Suppose -5*i = -4*f + 36 - 125, 5*i = -3*f + 82. Let h(d) = 23*d**3 - 17*d + 3. Let u(w) = i*g(w) - 6*h(w). Determine u(-1).
1
Let x = -8 - -7. Let b = 5 + x. Suppose b = -2*q - 0*q. Let p(l) = l**2 + 3*l + 1. Give p(q).
-1
Let u(f) = -f**3 + f**2 - 106 - 2*f + 4*f**2 + 107. Give u(4).
9
Let b(r) = 13*r - 11*r + 882 - 880. Calculate b(1).
4
Let c(h) = h**3 - 6*h**2 + 2. Let v be c(6). Let n be (-9)/v*(-12)/(-9). Let u be 1/((4 - 1)/n). Let y(a) = 4*a**2 + 2*a + 1. Determine y(u).
13
Let l be 5/(-30) - (-65)/30. Suppose -w - 18 = 4*z, 0*w - 5*z = 4*w + 17. Let f(k) = k**2 + 2 + 0*k**2 + l + 3*k + w*k. What is f(-4)?
0
Let s(n) = -n**2 + 4*n + 3. Let r(u) = -19*u**2 + 24*u - 1. Let k be r(1). Determine s(k).
3
Suppose -2*g = 2*y + 24, 4*g + 8 = y + g. Let j(p) = -3*p - 5. Calculate j(y).
16
Let d(s) = -4*s - 26 - 9 - s**3 + 6 + 4*s. What is d(0)?
-29
Let q(n) = -13*n - 37. Let r be q(-3). Let o(l) = 2 + 2*l**2 - 2*l - 4 + 2 + 1. What is o(r)?
5
Let d(k) be the second derivative of k**4/12 - 4*k**3/3 + k**2 + 152*k. Determine d(9).
11
Let m(a) = -70 + 40 + 2*a + 30. Calculate m(-8).
-16
Let o(c) = c**2 + 4*c - 8. Suppose 106 = -15*b + 31. Calculate o(b).
-3
Let n = -12 + -27. Let c(a) = -a**3 - 38*a**2 - 2*a - 40. Let h be c(-38). Let j = n + h. Let k(i) = -i**2 - 3*i + 1. Determine k(j).
1
Let z(j) = -j**3 - j**2 - 2*j + 1. Suppose -7 = -k + p, -3*k - 2*p + p + 13 = 0. Suppose 0 = -a - l + 2*l - 1, 3*a = -k*l - 11. What is z(a)?
9
Let m(n) be the third derivative of -n**5/60 - 13*n**4/24 - 4*n**3/3 - 25*n**2 - 2*n. Give m(-9).
28
Let w(o) = 16*o**3 + 32*o**2 - 9*o + 2. Let r(x) = -7*x**3 - 15*x**2 + 4*x - 1. Let f(k) = 9*r(k) + 4*w(k). Give f(8).
63
Let f = 1353 - 1364. Let y(q) = -q - 3. What is y(f)?
8
Let k(i) = -i**3 - 12*i**2 + 14*i + 8. Let n(u) = u**2 - 8*u - 22. Let v be n(9). Give k(v).
-5
Let p = 8 - 3. Suppose a = -3 + p. Let q(l) = 23*l - 10*l - 4*l - 7*l. What is q(a)?
4
Let v(x) be the first derivative of -x**2/2 + 7*x + 2. Let d be -7*(248/(-28) + 8). Determine v(d).
1
Let b(q) = q**2 - 4*q + 2. Let p be b(4). Let y = 8 - p. Suppose d + 5 = y*j - 2*j, d + j = 0. Let r(k) = -11*k**2 - k - 1. What is r(d)?
-11
Let l = -29 + 17. Let y(j) = j**3 + 13*j**2 + 10*j - 17. Let i be y(l). Suppose -i = -2*f + 3*p - 1, 0 = -2*f + p + 2. Let s(o) = o + 2. Determine s(f).
2
Let x(i) be the first derivative of i**4/4 + 2*i**3 + 5*i**2/2 - 3*i - 60. Let m(a) = -a - 3. Let z be m(-7). Suppose -z*j = 19 + 1. Calculate x(j).
-3
Let j be (6*3)/((-3)/(-2)). Let t = j - 10. Let b(u) = -8*u - 22*u**t - 6 + 21*u**2 + 1. What is b(-7)?
2
Let r(u) = -u**3 + 6*u**2 - u. Suppose 0 = -6*g + g - 5*c - 170, 5*g + c + 186 = 0. Let w = g + 44. Give r(w).
-6
Let w(y) be the second derivative of y**5/60 + y**4/12 + y**3/2 + 13*y**2 - 2*y + 2. Let a(f) be the first derivative of w(f). Calculate a(-3).
6
Let l = -523 - -537. Let c(h) = -h**3 + 14*h**2 + h - 16. What is c(l)?
-2
Let r be 12/16 + (-237)/12. Let q = -14 - r. Suppose q*c - 2*i + 30 = 0, -3*i = -0*c - 3*c - 27. Let t(p) = -p**2 - 4*p. Give t(c).
0
Let n(g) = -5*g**2 + 12*g + 19. Let p(a) = -11*a**2 + 24*a + 39. Suppose -10*z = -12*z - 12. Let f(i) = z*p(i) + 13*n(i). Give f(-11).
2
Let s(p) = -18*p - 513. Let i be s(-29). Let g(f) = 4*f + 9. What is g(i)?
45
Let j(z) = -6*z - 5*z - 10 + 47. Let q be j(4). Let l(i) = -i + 3. What is l(q)?
10
Suppose -2 = 2*q - 4*l, -3*q - 6*l + 9*l - 6 = 0. Let m(b) = 2*b**2 - 3*b - 1. Determine m(q).
26
Let o = -182 - -184. Let k(q) = 8*q**2 - 4*q + 2. What is k(o)?
26
Suppose -2*x - 3*w = 9, 3*x + 8 = -0*x + w. Let n be (x - -2)*4*-1. Let l(z) = 2*z**2 - 4*z + n*z - 1 + 0*z. Calculate l(-1).
1
Let n(d) = -7*d**3 + 6*d**2 - d + 4. Let c(x) = -3*x**2 + 4*x**3 + 226*x - 226*x - 2. Let z(q) = 5*c(q) + 3*n(q). What is z(3)?
-7
Let d(g) = -72*g - 2*g**2 - 3*g**2 + 2*g**2 + 62*g + 3 + 4*g**2. Give d(12).
27
Let p(j) be the second derivative of -j**7/840 + j**6/90 + j**5/30 + 5*j**4/24 - 5*j**3/2 - 21*j. Let g(c) be the second derivative of p(c). Determine g(4).
21
Suppose 0 = 5*r - 2*h - 20, -3*r - 4*h = h + 19. Let z(v) = 11*v**2 + 0 + 0 - 7*v**r - 1 + v + v**3. Calculate z(-4).
-5
Let z(l) be the third derivative of l**4/6 + 4*l**2 + 5*l + 3. Let c(k) = k**2 + 4*k + 2. Let t be c(-4). What is z(t)?
8
Let l(n) = n - 37*n**2 + 71 + 38*n**2 - 65 - n**3. Determine l(0).
6
Let x(l) be the second derivative of l**4/12 + l**3/3 - l**2 - 168*l. What is x(-4)?
6
Let p(j) = -3*j + 19. Let c(d) = -d + 9. Let f(x) = 13*c(x) - 6*p(x). Suppose -5*y = -95 - 75. Let b = y + -37. What is f(b)?
-12
Suppose 4*a = 3*f + 3*a - 28, -3*f + 24 = -3*a. Let c(i) = i**3 - 11*i**2 + 8*i + 2. Determine c(f).
-18
Let r be ((-2)/(-4))/((-2)/(-20)). Let c(k) be the first derivative of -k**5/120 + 7*k**4/24 + k**3/3 + 60. Let p(n) be the third derivative of c(n). Give p(r).
2
Let j(n) = 9*n - 7. Let p(s) = -7*s + 6. Let g(c) = -5*j(c) - 6*p(c). Determine g(2).
-7
Let l be (297/(-36))/(2/(-24)). Suppose -5*a - 5*f + l = -2*f, 3*a + 2*f - 59 = 0. Let k(i) = 47*i - a*i - 27*i. What is k(-7)?
7
Let r(n) = n - 3*n + 26 - 25. Suppose -3*t + 9 - 6 = 0. Give r(t).
-1
Let l(h) = -3*h - 1. Let w be -2 + 21 + (-6)/2. Suppose w = -9*n + 5*n. Determine l(n).
11
Let i(t) = -2*t**2 + 15*t + 10. Let f be i(8). Let o(z) be the third derivative of z**3 - 1/24*z**4 + 0 + 0*z - 2*z**f. What is o(0)?
6
Suppose -2*b = w - 9, 2*b + 5*w + 0 = 5. Let m be 5*(5/(b/(-3)) + 2). Let o(j) = -j**2 - 4*j + 7. Determine o(m).
2
Let p = 17 + -24. Let c(m) be the second derivative of m**5/20 + m**4/2 - 3*m**3/2 - m**2/2 - 90*m. Give c(p).
13
Let t(f) = -2*f - 1. Let l be t(-1). Let i(p) be the first derivative of p**2 - 2*p**2 - 2*p**2 + 5*p**2 + 4. What is i(l)?
4
Let f = 8 - 2. Let n = -9 - -11. Let y(u) = 1159*u**2 - 1160*u**n - 4 - 3 + 9*u. Calculate y(f).
11
Let g be 75/(-60)*(1 + 3)/(-1). Suppose -4*i + 13 = 3*m, g*i - 19 = m - 2*m. Let q(w) = -2*w + 6. Determine q(i).
-2
Let h(l) be the third derivative of l**4/24 + 4*l**3/3 - 24*l**2. Let a be 324/(-45) + 1/5. Determine h(a).
1
Let h(x) = -x**2 - x + 1. Suppose -4*r + r + 3 = 0. Let y be h(r). Let o(j) = -13 + j - 18 + 25 + 19 - 12 + 9*j**2. Calculate o(y).
9
Let g(i) = -22*i**2 + 4*i - 12 - 20 + 27. Let c(r) = -15*r**2 + 3*r - 3. Let p(s) = 7*c(s) - 5*g(s). Let k(a) = -a**2. Let b(m) = 6*k(m) + p(m). Give b(0).
4
Let p(z) = 139*z**3 - 26*z**2 + 3*z + 5. Let o(m) = -49*m**3 + 9*m**2 - m - 2. Let b(s) = 17*o(s) + 6*p(s). Let a = 7 + -4. What is b(a)?
-1
Let p(b) = 3*b**2 + 16*b - 5. Let w be p(-5). Let x(s) = -s - 4. Determine x(w).
6
Suppose -120 + 126 = -2*c. Let l(m) = 51 - 47 + 4*m - m**3 - 3*m**2 + 0*m**3. Calculate l(c).
-8
Let v(c) = 6*c**2 + 3*c - 2. Let b(g) = -13*g**2 - 7*g + 5. Let s(r) = 4*b(r) + 9*v(r). Give s(1).
3
Let f(b) = b**2 - 1. Suppose -2*r - 40 = 6*r. Let u(a) = a**2 - a - 3. Let t(d) = r*f(d) + 2*u(d). What is t(-2)?
-9
Let s(v) be the third derivative of -v**6/120 + v**5/60 + v**4/24 - v**3/3 + 363*v**2. Give s(0).
-2
Let t(r) be the first derivative of r**2/2 - r + 3. Suppose -h +